f (-9 - (10 + -12) - 8 - -9) + 64 + -2?
56
What is the value of 67 + (-15 + (45 - 7) - (16 + -2 + 0))?
76
What is (-5 - (-20 + 11) - -7) + 27 + 10?
48
Evaluate (-3186 - -3190) + (-26 + 1 - 0).
-21
What is -12 + (-11 + 12 + (-4 - -1) - -7) - -33?
26
What is (2 - (-3 + -33)) + 3 + 37 + 60 + -106?
32
What is 0 - (2 + -13) - (142 + 343 + -414)?
-60
What is -33 + (-101 - (-2 - 154))?
22
What is 11 + (-12 - (11 + 5 + (14 - 8) + -14))?
-9
32 + -34 + 5 + (-6 - -2) - (0 + 15)
-16
What is 8 + (-7 + 4 - (-58 + 56)) + 4?
11
What is the value of (106 - 75) + (29 - 6 - 81)?
-27
Calculate -34 + 2 + -1 + (-50 + -32 + 8 - -66).
-41
What is the value of -27 + -22 - (85 - 164)?
30
(-2 - -18) + -15 + 21 + -4
18
What is -1 - 26 - 21 - -64?
16
What is the value of (-7 - -3 - (-6 - -1)) + (-16 - -20)?
5
What is the value of -1 + (-6 - -49) - 62 - (1 + 5)?
-26
26 + (-16 - -23) + -41 + (80 - -1)
73
(2 - -1) + (27 - 16 - (-33 + 4))
43
Calculate -10 - ((-28 - 2 - (90 - 84)) + -14).
40
17 + -5 + -23 + (49 - (7 + -9))
40
2 - (12 + 0) - (-368 + 360) - 3
-5
Calculate -9 + (78 - (8 - (-13 - (11 - 23)))).
60
What is the value of -6 + 3 - -3 - -1 - (597 - 592)?
-4
Calculate 20 + (-13 - -5) + -30 + 0.
-18
What is the value of 37 + (-22 - (33 + 11))?
-29
Calculate (-30 + 13 + -19 - -15) + 6.
-15
(3 - -1 - 8) + 9 - (-2 + -38 + -22)
67
Calculate 34 - (-69 + 156 - -8).
-61
What is the value of -12 - (12 + 2 + -4 - (-270 + 288))?
-4
What is -20 + 29 + -4 - 9 - (2 - 62)?
56
(0 - -1) + -191 + 195 - (-1 - -8) - 56
-58
Calculate 0 - (7 + -5 + -15) - (-85 + -29 - -30).
97
What is (-10 - (-14 + 51 - (-6 - -18))) + 5?
-30
Calculate -19 + (-10 - -16) + 0 + -2 + -34.
-49
-103 + 94 + -35 + 41
-3
What is (-128 - (-100 + -16)) + 58 + 0 + 1?
47
What is the value of 18 + -13 + -13 + -13 + -34 + 49?
-6
-6 + -101 + (-6 - 0) + -175 + 188
-100
Evaluate 2 - 80 - (-3697 - -3617).
2
What is the value of (84 - (-2 - (-4 - -3))) + (-47 - (-54 - -1))?
91
Evaluate -23 + (-50 + 23 + -7 - -16).
-41
What is the value of (-2 + 1 - (-62 - -67)) + -60 + 9?
-57
Evaluate -3 + 16 - 6 - 118 - (-4 + -17 + 20).
-110
Calculate -24 - ((10 - 1) + (-31 - (23 - 41))).
-20
((-2 - -4) + -12 - (20 - -21)) + 5 + 5
-41
-25 + -10 + 22 + -63 + 168
92
Calculate (4 - (0 + 0 + (-164 - -149))) + -89.
-70
What is the value of -21 - (-32 + 15 + (-44 - -22))?
18
What is the value of (114 - (99 + -150)) + -246?
-81
What is 58 - -1 - (-17 + 69)?
7
What is -23 - -33 - -33 - 3?
40
What is -6 - ((8 - -2 - 22) + 90 + -3 + -9)?
-72
What is (17 + -85 - -73) + (-1 - 1)?
3
Evaluate (-32 - (-64 + -9)) + -17.
24
(0 - 12) + (-6 - -2 - (7 - -11))
-34
-10 + (-49 - -25) + 24
-10
Evaluate 97 + -26 + 86 + -152.
5
What is -28 - -35 - (-2 + -31)?
40
Calculate ((-8 - -5) + -7 - (97 - 66)) + 10.
-31
(-33 - -21) + (23 - -47)
58
-6 + 14 + 1 + 4 + 12 + -16 - 19
-10
What is the value of (-3 + 13 - 28) + 0 + 8?
-10
Evaluate 0 - 6 - -14 - (2 - 19 - 20).
45
Calculate (-120 - (-58 - 2)) + -7.
-67
What is 0 + 81 - (-112 + 151 - 2)?
44
12 + (-1 - (-45 + 40))
16
Calculate -8 + -6 + -27 + -22 + (3 - (2 + -8)).
-54
What is the value of (76 - (112 - 49)) + -17?
-4
Evaluate -1 + -55 + 6222 + -6185.
-19
What is (8 - 0) + (-9 + 17 - (16 + 8))?
-8
What is the value of (31 + -11 - -21) + -72 - -68?
37
Calculate (-2956 - -3136) + -99 + -1.
80
Calculate -2253 + 2257 - (0 + -29 + (-3 - 1)).
37
(-331 - -362) + (1 - 4 - (-9 + -5 + 5))
37
What is (-10 - -1) + (45 - (-29 + 48 + -34))?
51
Calculate -37 - ((-187 - (12 - 28)) + 30).
104
What is 7 + 7 + 0 + 6 + -26?
-6
What is (65 - 264) + 217 - (-45 + 2)?
61
What is -14 - ((-10 - (2 - (-5 + 21))) + -18)?
0
Evaluate (23 + 4 - (2 + 14)) + -8 - (10 - 1).
-6
What is -11 + -1 + (48 - (43 - 70) - 98)?
-35
(-2 + 73 - (37 + 3 + -32)) + 18
81
What is 62 + (-24 - (-15 + 35))?
18
What is the value of (-7 - 35) + 28 - (-12 - 64)?
62
What is the value of -2 - (-49 + 39) - (-5 - (54 - 0))?
67
What is 3 - (83 - 1) - (-1780 + 1815)?
-114
Evaluate 43 + -149 + 176 - -5.
75
Calculate 12 + (19 - 14) + (22 + -1 - 10).
28
13 + 6 - (-8 - (15 + -6 + -85))
-49
Evaluate (-2 - 4) + -95 + 37 + -2 + -12.
-78
Calculate -19 - (-1 - (51 + -15 + -4)).
14
What is 65 + (-10 - (-7 + 32) - -43)?
73
Evaluate (-43 - 13 - -106) + -43.
7
Evaluate 14 - (42 + -8 + -95) - (2 - 0 - 0).
73
-4 - (-43 + (26 - 6 - 4))
23
(126 - (15 - -2)) + (5 - 11 - 13)
90
What is the value of -95 - (11 - 111) - (-1 - 73)?
79
What is the value of -1 + 2 + 0 + -51 + 56 + -204 + 223?
25
Calculate 11 + -5 + 0 - (24 - (-27 - -8)).
-37
(44 - 17 - -3) + 3
33
Evaluate (-38 - 0) + (-6 - -6) - (32 - (30 + 8)).
-32
4 - 55 - (-26 - 2 - (-27 + 2))
-48
What is the value of -7208 - -7235 - (72 - 0 - 0)?
-45
What is (-3 - -5) + 53 - (-18 - 8 - (34 - 46))?
69
What is (-4 - -3) + 0 + -48 + 43 + 43 + -89?
-52
16 - (-39 - -54) - -36
37
What is -5 + 10 + (-4 - (3 + -3)) + 461 + -461?
1
What is 20 - -1 - ((-104 - -79) + 46)?
0
What is (37 - -6) + (4 - 50)?
-3
Calculate -83 - (-322 + 123 + 4).
112
Calculate (-6 - (-14 + 15)) + (0 - -4) + -9.
-12
-1 + 18 - (-3 - 5 - -6 - -30)
-11
What is -81 - (-16 + -33 + 14 - -18)?
-64
What is -4 - (1 + -11 - -11 - (15 + (5 - 7)))?
8
20 - 1 - (-7 + 51 - 36)
11
Evaluate -2 - ((3 + 3 - -64) + -24 + 25).
-73
-59 - ((28 - 83) + 43)
-47
What is 3 + -1 + 8 + (11 - (193 + -30))?
-142
Calculate -86 + -25 + 24 + 34 - -11.
-42
What is 64 + 94 - 113 - (-2 + (2 - -20))?
25
What is 23 + 8 + 32 - 46 - 6?
11
What is the value of (23 - ((85 - 42) + -63)) + 11?
54
What is -37 + (87 - -14) + -1 + 34?
97
What is the value of -7 + -1 + -12 - (45 + -72 + 10)?
-3
Calculate 48 - (85 - 21) - (6 - 2 - -37).
-57
What is -34 - (3 + -20 - (-226 + 203))?
-40
What is the value of 80 + -32 + -19 - (25 - 2)?
6
Calculate -108 + (-1 - -14) + 30 + -37 + 12.
-90
Evaluate -22 + (-3 - -1 - -28) - -15.
19
What is the value of (124 - 4) + -48 + -16?
56
What is -15 + (50 - 40) - (14 + -6 - 12)?
-1
What is the value of (12 - 15 - -4 - -42) + 1?
44
Calculate 96 + -14 + -14 + -12 + 40 + -17.
79
13 - 1 - (-4468 + 4500)
-20
Calculate 57 - (-8 - (-33 + -13)).
19
Calculate -60 + 108 + 46 + -75.
19
Calculate -23 - -12 - 3 - (-30 + -4) - 126.
-106
22 + (-6 - 0) + (229 - 273)
-28
Evaluate 26 + -16 + 3 + -12 + 42.
43
1 + 17 + 51 + -46 - (9 - (-3 + 1))
12
What is 48 - (-20 - (-28 - 1))?
39
16 + -17 - (-4 + (3 - -2) + (7 - -3))
-12
Calculate (-64 - -2) + -29 + 12 + (0 - 0).
-79
Evaluate 170 + -154 + (-1 - -3 - 6 - 38).
-26
Calculate -177 - -68 - -96 - (1 - -15).
-29
39 + -3 + -22 - (-6 + 0 - (-2 - 124))
-106
Calculate (-9 - -21) + -12 - (4 + 77) - 15.
-96
106 + -85 - (-1 + (1 - 3) + 127)
-103
What is -20 - -31 - -20 - (-3 + 2) - (-1 - -4)?
29
(126 - 222 - (1 - 8 - -4 - 4)) + 2
-87
What is 34 + -19 + -19 + (3 - 9 - 3)?
-13
Calculate -4 - ((-16 - -49) + 56 - 16).
-77
What is the value of -25 - -34 - (-1 + 5)?
5
Calculate 39 + 14 - (62 - -15).
-24
Calculate -22 - (-2 + (-32 - -3) + -6).
15
Evaluate -8 + -1 - ((-10 - 0) + -23 + 22 + 10).
-8
-33 + -1 + -1 - (-26 - (-30 + 12) - -9)
-36
1719 + -1865 + (6 - -159)
19
Calculate 44 + 1 - (119 - (13 + 114)).
53
What is the value of -3 + -7 - (-307 - -333)?
-36
What is (15 - 4) + (4 + -2 + 5 - (-63 - 17))?
98
What is the value of -3 + -92 + (3 - (-24 + 9) - 27)?
-104
What is the value of -62 + 1 - (323 - 365)?
-19
Calculate -16 + 66 + -41 + -59.
-50
What is the value of -76 - (35 + -71) - 1?
-41
What is 12 - ((-5 - -2) + 20 + (9 - -10))?
-24
What is 131 - (-148 - (-99 - 189))?
-9
Evaluate -41 + 48 + (-11 - 8) + 0.
-12
Calculate -7 - -4 - 11 - (-157 - -146) - 37.
-40
Evaluate -12 + -1 + (14 - (14 - 23)) + (-19 - -3).
-6
What is (16 + 0 - (144 + -45 + -32)) + -13?
-64
What is the value of (116 - (16 + (8 - -3))) + -13?
76
What is -19 - (-43 + 71) - -75?
28
Calculate (-32 - (2 + (-5 - 23))) + (36 - 2) - -7.
35
What is the value of -10 + -11 + 3 + (15 - 8) - -9?
-2
Evaluate 10 - ((428 - 433) + (1 - -49)).
-35
48 - (38 - (25 - 22)) - (-43 + 1)
55
(-9 - (-4 + -10)) + -16 - -11
0
(1 - 7) + (-730 - -752 - (-123 - (-3 + -2)))
134
-23 + (13 - -10) + 30 - 74
-44
21 - (149 + -58 - (-22 + 11 + -10))
-91
Calculate -176 - (126 + -127 - 64).
-111
58 - 48 - (4 - -27) - 49
-70
What is -11 + 17 - (-13 + 7 + -11 + 51)?
-28
-52 + 223 - 197 - (1 + -31)
4
What is the value of 8 + (4 - (7 + -16) - 20) - (0 + 84)?
-83
What 